ert 2122211 (base 3) to base 2.
11110010011
Convert -18a4 (base 11) to base 16.
-96d
What is -224 (base 5) in base 10?
-64
-101212012 (base 3) to base 16
-1eec
Convert -30 (base 10) to base 16.
-1e
What is 9e1 (base 15) in base 7?
6343
Convert 98 (base 15) to base 12.
bb
Convert 11471 (base 9) to base 15.
241d
-5901 (base 16) to base 15
-6b40
-345 (base 11) to base 2
-110011100
What is 61738 (base 10) in base 11?
42426
What is -1201331 (base 4) in base 11?
-478a
What is 3120331 (base 4) in base 3?
201001021
What is 13a83 (base 13) in base 14?
d673
What is 1021110 (base 3) in base 6?
4150
Convert 2502 (base 10) to base 5.
40002
-21804 (base 10) to base 9
-32816
-483 (base 15) to base 5
-13043
Convert 367 (base 11) to base 2.
110110100
What is 1870 (base 9) in base 4?
112200
What is 63730 (base 8) in base 10?
26584
Convert -480 (base 13) to base 3.
-1001220
What is 120002 (base 3) in base 6?
1515
What is 2886 (base 9) in base 7?
6240
328 (base 9) to base 3
100222
What is -553 (base 15) in base 2?
-10010110011
-41920 (base 10) to base 7
-233134
Convert 10011 (base 5) to base 4.
21313
-150 (base 15) to base 6
-1220
5004 (base 6) to base 13
655
1460 (base 7) to base 6
2405
Convert -355 (base 15) to base 14.
-3bd
What is 20101222 (base 3) in base 7?
16421
Convert 65a (base 15) to base 9.
1864
Convert -6403 (base 8) to base 12.
-1b17
Convert 1309 (base 13) to base 8.
5231
Convert -11a0 (base 11) to base 7.
-4361
What is -10011101111 (base 2) in base 3?
-1201210
1351 (base 10) to base 6
10131
Convert 111001000001 (base 2) to base 11.
2818
Convert -234013 (base 6) to base 10.
-20313
Convert 31102 (base 4) to base 8.
1522
What is 1650 (base 8) in base 3?
1021200
Convert -854 (base 15) to base 6.
-12411
Convert -580d (base 16) to base 4.
-11200031
Convert -909 (base 16) to base 6.
-14413
44426 (base 11) to base 14
19680
What is 27 (base 10) in base 12?
23
Convert -50601 (base 10) to base 3.
-2120102010
What is 938 (base 14) in base 12?
1072
Convert 226636 (base 7) to base 15.
c14a
aa7 (base 14) to base 8
4073
-9 (base 13) to base 8
-11
4244 (base 11) to base 13
272b
1082 (base 15) to base 4
312221
5fe (base 16) to base 8
2776
Convert 841 (base 13) to base 6.
10301
Convert 3ee4 (base 15) to base 13.
61a8
3610 (base 9) to base 16
a7a
What is -34 (base 13) in base 15?
-2d
Convert 342b (base 15) to base 13.
5063
5911 (base 11) to base 7
31420
-258c (base 16) to base 10
-9612
What is -1144 (base 6) in base 16?
-118
What is -30043 (base 6) in base 7?
-14262
What is 5206 (base 9) in base 15?
11e3
2557 (base 13) to base 4
1102333
13613 (base 7) to base 2
111010010110
What is 218a (base 11) in base 9?
3851
What is -10010001000 (base 2) in base 10?
-1160
-10262 (base 10) to base 13
-4895
-674 (base 9) to base 7
-1420
What is 462 (base 7) in base 13?
156
Convert -3013 (base 5) to base 4.
-11333
Convert 13235 (base 9) to base 7.
35033
What is 10001011000 (base 2) in base 8?
2130
-57a (base 13) to base 6
-4214
What is -241003 (base 5) in base 16?
-22ae
Convert 14305 (base 7) to base 11.
2a49
Convert 4201 (base 6) to base 14.
4ad
Convert -131101 (base 4) to base 16.
-751
What is 100102 (base 3) in base 16?
fe
Convert -11664 (base 8) to base 5.
-130134
-2122020 (base 3) to base 7
-5415
What is -bc17 (base 14) in base 11?
-22508
Convert -157 (base 8) to base 7.
-216
Convert -133431 (base 5) to base 3.
-21112101
-198 (base 15) to base 13
-224
What is -5044 (base 8) in base 9?
-3504
1000100010110 (base 2) to base 16
1116
What is 5083 (base 9) in base 12?
21a0
Convert 110100000010 (base 2) to base 13.
1692
Convert 30d (base 14) to base 11.
4a7
What is -249 (base 11) in base 9?
-357
Convert -35a7 (base 11) to base 9.
-6418
What is 6a95 (base 12) in base 5?
340141
18612 (base 9) to base 6
135402
What is -543102 (base 6) in base 5?
-2413000
What is 10513 (base 9) in base 10?
6978
Convert 1121112 (base 3) to base 6.
5235
What is 1a1 (base 14) in base 10?
337
14a0 (base 12) to base 6
15120
Convert -1110011110100110 (base 2) to base 8.
-163646
What is -550 (base 7) in base 3?
-101101
What is 101010111001001 (base 2) in base 15?
6791
What is -1321103 (base 4) in base 11?
-5918
6652 (base 10) to base 3
100010101
What is -1232321 (base 4) in base 5?
-211342
Convert 100111111011 (base 2) to base 6.
15455
What is 4023 (base 5) in base 10?
513
-2321 (base 8) to base 10
-1233
63b (base 15) to base 16
57e
-338 (base 14) to base 5
-10023
What is 121402 (base 5) in base 14?
196a
Convert f18 (base 16) to base 6.
25520
Convert 311332 (base 4) to base 10.
3454
Convert 25c (base 13) to base 12.
2a7
What is -374 (base 12) in base 6?
-2224
Convert 1202211 (base 3) to base 8.
2413
What is 2843 (base 9) in base 13?
c90
Convert -6243 (base 7) to base 10.
-2187
Convert -11254 (base 6) to base 9.
-2187
Convert -1b60 (base 12) to base 11.
-25a7
Convert 21022121 (base 3) to base 10.
5335
-4504 (base 6) to base 11
-873
51ab (base 13) to base 10
11295
What is 2514 (base 6) in base 5?
4442
Convert 1745 (base 13) to base 10.
3437
What is 201143 (base 6) in base 14?
5aab
What is -661 (base 9) in base 6?
-2301
-78c (base 14) to base 7
-4235
What is 64131 (base 7) in base 5?
1001344
Convert 1120331 (base 4) to base 14.
2109
1434 (base 10) to base 6
10350
Convert 2102220 (base 3) to base 8.
3363
What is 321113 (base 5) in base 16?
2a1f
Convert 1838 (base 10) to base 9.
2462
Convert 3741 (base 8) to base 6.
13201
-168a (base 13) to base 4
-303331
What is 25030 (base 7) in base 9?
8864
Convert 24200 (base 6) to base 5.
103103
3233 (base 7) to base 8
2177
-3056 (base 7) to base 9
-1418
Convert -7123 (base 14) to base 6.
-225551
Convert 100011211 (base 3) to base 12.
3a57
What is -3247 (base 16) in base 5?
-402441
Convert -1001001001 (base 2) to base 7.
-1464
What is 7026 (base 8) in base 15?
1106
What is -13166 (base 8) in base 2?
-1011001110110
Convert 1011 (base 3) to base 11.
29
260a (base 15) to base 13
38cb
Convert -2111 (base 6) to base 3.
-122121
4616 (base 8) to base 9
3317
What is -1747 (base 9) in base 8?
-2473
51340 (base 8) to base 13
9870
3254 (base 9) to base 6
15034
What is 51c5 (base 13) in base 9?
16462
Convert 149 (base 11) to base 4.
2232
Convert 63 (base 7) to base 13.
36
Convert -242 (base 11) to base 4.
-10200
What is 10010 (base 11) in base 13?
6891
-7a4 (base 13) to base 9
-1723
459 (base 12) to base 3
212220
What is 3207 (base 8) in base 2?
11010000111
What is 3cc (base 13) in base 4?
22203
What is -38807 (base 10) in base 4?
-21132113
Convert 579 (base 13) to base 7.
2520
Convert 14031 (base 6) to base 2.
100010000011
10001101001 (base 2) to base 6
5121
What is 106 (base 7) in base 3?
2001
Convert 11110110111 (base 2) to base 9.
2634
Convert 282 (base 15) to base 2.
1000111100
What is 488 (base 9) in base 14?
20c
Convert -75c3 (base 16) to base 2.
-111010111000011
2210313 (base 4) to base 13
4a58
-a50 (base 11) to base 13
-764
What is -1217 (base 8) in base 2?
-1010001111
Convert -1561 (base 7) to base 8.
-1167
What is -16342 (base 9) in base 7?
-44462
What is -3226 (base 7) in base 16?
-47b
Convert 7229 (base 10) to base 16.
1c3d
1123 (base 5) to base 6
431
Convert 2238 (base 11) to base 4.
232001
Convert 83bc (base 14) to base 16.
58b2
Convert 8b (base 13) to base 11.
a5
824 (base 12) to base 2
10010011100
What is -45 (base 7) in base 9?
-36
Convert 1343 (base 8) to base 12.
517
-1b8 (base 16) to base 4
-12320
What is 110000002 (base 3) in base 2?
10001000101110
Convert 4567 (base 8) to base 6.
15115
What is 7ef2 (base 16) in base 12?
16982
What is -411051 (base 6) in base 3?
-1122210011
Convert -2175 (base 10) to base 11.
-16a8
Convert 11011010001101 (base 2) to base 13.
6483
11011100110 (base 2) to base 3
2102102
Convert -2bb3 (base 15) to base 9.
-13786
What is 530 (base 11) in base 4?
21332
Convert 441 (base 5) to base 9.
144
What is -29d (base 16) in base 13?
-3c6
-3321222 (base 4) to base 16
-3e6a
Convert 2a71 (base 12) to base 15.
1721
-1180 (base 13) to base 6
-15234
Convert 249 (base 15) to base 3.
201020
3732 (base 8) to base 9
2673
What is 10001010000110100 (base 2) in base 11?
49140
18635 (base 11) to base 14
96cd
What is -569 (base 16) in base 4?
-111221
What is 212212110 (base 3) in base 4?
10033320
2a6 (base 11) to base 8
546
-2043 (base 6) to base 11
-388
Convert 